 = -a**2 + 36*a - 350. Give f(19).
-27
Let j(w) = 11*w**2 - 451*w + 440. What is j(40)?
0
Let r(p) = -p**2 - 12*p - 36. Give r(-18).
-144
Let n(i) = i**2 + 211*i - 2441. Determine n(11).
1
Let h(a) = -60*a - 261. What is h(-5)?
39
Let z(m) = 3*m**2 - 41*m - 4. Give z(14).
10
Let f(w) = -7*w + 53. Calculate f(-6).
95
Let d(u) = -9*u**2 + 5*u - 160. What is d(8)?
-696
Let c(p) = -27*p**2 + 1047*p + 237. Determine c(39).
3
Let o(z) = z**2 + 111*z + 2377. Calculate o(-82).
-1
Let o(c) = -11*c**2 + 79*c + 194. Give o(-2).
-8
Let d(m) = 30*m - 421. What is d(8)?
-181
Let x(n) = 255*n - 16958. Calculate x(66).
-128
Let w(v) = v**3 - 6*v**2 - 10. Determine w(4).
-42
Let m(j) = -j**2 - 38*j + 321. Give m(-48).
-159
Let x(w) = 3*w**2 - 84*w + 160. What is x(26)?
4
Let b(x) = 39*x**2 + 121*x + 15. Determine b(-3).
3
Let l(g) = -27*g - 140. Give l(-6).
22
Let n(o) = -o**3 + 24*o**2 - 83*o + 46. What is n(20)?
-14
Let c(z) = -z**3 - 113*z**2 + 118*z + 363. What is c(-114)?
-93
Let z(x) = -39*x**2 - 701*x + 7. What is z(-18)?
-11
Let n(b) = 61*b - 1127. What is n(18)?
-29
Let u(t) = 250*t + 4571. What is u(-18)?
71
Let r(m) = m**2 + 56*m - 126. What is r(-56)?
-126
Let w(a) = a**2 + 10*a - 330. Give w(-21).
-99
Let c(p) = 16*p - 77. Give c(2).
-45
Let h(p) = -3*p**3 - 284*p**2 + 100*p + 480. Calculate h(-95).
5
Let a(x) = -x**2 + 405*x + 2891. Calculate a(-7).
7
Let t(c) = -202*c - 1433. What is t(-7)?
-19
Let r(q) = -q**2 - 49*q - 465. Give r(-41).
-137
Let f(a) = 32*a**2 - 6*a - 1. Give f(-1).
37
Let b(q) = -q**2 + 40*q + 83. Give b(14).
447
Let t(p) = -35*p**2 + 627*p + 58. Determine t(18).
4
Let q(z) = 2*z**3 - 80*z**2 - z + 42. Give q(40).
2
Let s(b) = -176*b - 10603. Give s(-60).
-43
Let l(i) = -2*i + 63. Determine l(17).
29
Let i(a) = -2*a**3 - 101*a**2 - 239*a + 107. Give i(-48).
59
Let g(d) = d**3 - 3*d**2 - 8*d - 11. Determine g(-4).
-91
Let o(p) = -p**3 + 24*p**2 + 58*p - 83. Calculate o(26).
73
Let a(o) = 2731*o + 24546. Determine a(-9).
-33
Let n(t) = -60*t - 280. Determine n(-5).
20
Let d(h) = -3*h**2 + 29*h + 31. Give d(10).
21
Let u(v) = -v**3 + 67*v**2 + 362*v + 8. Give u(-5).
-2
Let p(g) = -277*g - 89472. Calculate p(-323).
-1
Let a(v) = 2*v**3 - 271*v**2 + 672*v - 934. Give a(133).
-3
Let b(u) = -u**2 + 31*u + 816. What is b(-17)?
0
Let z(w) = -w**3 - 215*w**2 - 1855*w - 3. What is z(-9)?
6
Let r(x) = -x**3 + 15*x**2 - 30*x + 11. What is r(14)?
-213
Let u(b) = -b**2 + 2336*b + 7010. What is u(-3)?
-7
Let k(m) = m**3 + 7*m**2 + 2*m - 146. Calculate k(-10).
-466
Let m(o) = o**3 + 60*o**2 + 8*o + 512. Determine m(-60).
32
Let a(l) = -2*l**2 + 35*l - 206. Calculate a(14).
-108
Let a(o) = -13*o**3 - 276*o**2 + 235*o + 342. Give a(-22).
12
Let r(m) = 1670*m + 758175. What is r(-454)?
-5
Let v(t) = -2*t**2 + 279*t - 685. Calculate v(137).
0
Let w(h) = 5*h**2 + 46*h + 4. Calculate w(-12).
172
Let y(n) = n**3 - 7*n**2 - 101*n + 271. Determine y(13).
-28
Let r(i) = 735*i + 5138. Determine r(-7).
-7
Let l(g) = 19*g**2 + 6*g + 15. Give l(-2).
79
Let a(l) = -733*l + 4416. Give a(6).
18
Let v(a) = 11*a**2 + 66*a - 4. Calculate v(-7).
73
Let z(b) = -2*b**2 + 29*b - 109. Calculate z(9).
-10
Let r(z) = -2*z**2 - 131*z + 897. What is r(-72)?
-39
Let w(k) = -4*k**3 + 25*k**2 + 10*k - 16. Calculate w(-1).
3
Let x(c) = -c**3 + 11*c**2 - 2*c - 46. What is x(10)?
34
Let d(h) = -2461*h - 17238. Determine d(-7).
-11
Let j(v) = -2*v**2 - 34*v - 98. Calculate j(-3).
-14
Let y(a) = 5*a**2 + 226*a - 21. Give y(-45).
-66
Let l(t) = -t**3 - 24*t**2 + 2*t + 111. Calculate l(-24).
63
Let o(d) = -4*d**2 - 7*d + 136. Determine o(5).
1
Let y(b) = -6*b**2 + 655*b - 5942. Give y(10).
8
Let m(b) = 3*b**2 + 2*b - 158. Calculate m(7).
3
Let c(m) = 157*m**3 + m**2 + 3*m + 3. Calculate c(-1).
-156
Let n(z) = -18*z + 198. Calculate n(16).
-90
Let y(j) = 100*j - 420. Give y(4).
-20
Let h(x) = 2*x**2 - 39*x + 7. Determine h(21).
70
Let n(b) = b**3 - 15*b**2 - 196*b + 3021. What is n(17)?
267
Let y(p) = 37*p + 2756. Calculate y(-74).
18
Let l(z) = z**2 + 57*z - 252. Calculate l(-66).
342
Let x(o) = o**3 - 10*o**2 - 146*o + 20. What is x(18)?
-16
Let r(g) = -2*g**3 - 126*g**2 - 783*g + 57. Calculate r(-56).
1
Let z(f) = f**2 + 3*f - 94. Calculate z(12).
86
Let d(l) = 2*l**3 + 25*l**2 + 19*l + 31. What is d(-12)?
-53
Let w(b) = 22*b + 655. What is w(-30)?
-5
Let q(k) = k**2 + 9*k - 64. Give q(9).
98
Let d(a) = a**3 + 212*a**2 - 1555*a + 91. What is d(7)?
-63
Let g(l) = -367*l - 12110. Give g(-33).
1
Let x(j) = 6038*j - 54353. Calculate x(9).
-11
Let w(b) = -3*b**3 + 5*b**2 + 20*b - 66. Give w(5).
-216
Let l(n) = 2*n**3 + 12*n**2 - 8*n - 4. What is l(-6)?
44
Let g(h) = h**3 - 31*h**2 - 7*h + 33. Determine g(31).
-184
Let w(m) = m**3 - 12*m**2 + 87*m - 307. Determine w(6).
-1
Let a(u) = -5*u**2 - 9*u - 21. Calculate a(-4).
-65
Let r(l) = -l**3 - 12*l**2 - 34*l - 140. Determine r(-10).
0
Let q(p) = 20*p - 21. Give q(6).
99
Let b(v) = -v**2 + 59*v - 91. Give b(0).
-91
Let m(j) = 57*j + 1151. Calculate m(-20).
11
Let g(y) = -y**2 + 275*y - 18603. Give g(155).
-3
Let z(l) = -5840*l - 157677. What is z(-27)?
3
Let f(u) = -u**3 + 2*u**2 + 13*u - 29. What is f(4)?
-9
Let v(j) = 12*j**3 + 1572*j**2 - 3*j - 441. Calculate v(-131).
-48
Let w(z) = 65*z + 644. Determine w(-10).
-6
Let u(g) = -127*g + 3423. Calculate u(27).
-6
Let s(u) = u**3 - 21*u**2 - 22*u - 46. What is s(22)?
-46
Let i(a) = a**3 - 3*a**2 + 28*a - 102. Give i(4).
26
Let k(v) = 3*v**3 - 7*v**2 + 4*v + 4. What is k(3)?
34
Let z(t) = 53*t - 351. What is z(8)?
73
Let c(d) = -d**2 - 13*d - 60. Calculate c(-10).
-30
Let b(x) = 302*x + 8156. Determine b(-27).
2
Let w(k) = k**3 - 7*k**2 + 83*k - 714. Determine w(8).
14
Let s(y) = -y**2 + 76*y - 1021. What is s(60)?
-61
Let a(h) = 2*h**3 + 109*h**2 + 50*h - 260. Calculate a(-54).
-44
Let m(a) = -a**2 - 80*a - 343. Give m(-76).
-39
Let m(u) = -18*u**2 - 740*u - 88. Determine m(-41).
-6
Let i(o) = -183*o - 10065. Calculate i(-55).
0
Let o(q) = -q**2 - 120*q - 586. What is o(-5)?
-11
Let p(v) = v**2 - 19*v + 24. Calculate p(16).
-24
Let n(p) = -2*p**3 - 61*p**2 + 32*p - 6. Give n(-31).
-37
Let u(i) = 14*i + 764. Give u(-32).
316
Let x(z) = -2*z**3 + 247*z**2 + 1008*z - 56. What is x(-4)?
-8
Let b(t) = -t**2 + 6*t - 3. Determine b(12).
-75
Let r(m) = -m**3 + 26*m**2 - 30*m + 96. Determine r(25).
-29
Let g(f) = 72*f**2 - 7*f - 6. Give g(-1).
73
Let l(a) = -57*a - 582. What is l(-11)?
45
Let t(n) = n**3 - 225*n**2 - 2100*n - 1399. Give t(234).
5
Let i(d) = 4*d**2 + 35*d + 47. Give i(-6).
-19
Let c(k) = k**3 - 45*k**2 + 165*k - 43. What is c(41)?
-2
Let h(u) = 35*u - 128. Determine h(12).
292
Let q(v) = -2*v**2 + 54*v + 831. What is q(38)?
-5
Let q(y) = -6*y**3 + 38*y**2 - 31*y + 53. Calculate q(6).
-61
Let l(v) = -3*v**3 + 8*v**2 + 25*v + 10. Give l(5).
-40
Let c(h) = -30*h - 1121. What is c(-38)?
19
Let v(l) = l**3 + 36*l**2 + 33*l - 12. Calculate v(-35).
58
Let h(v) = -2*v**3 + 11*v**2 - 13*v + 7. What is h(4)?
3
Let m(g) = 2*g**2 + 51*g + 64. Calculate m(-24).
-8
Let w(a) = 7*a**2 + 124*a + 6. What is w(-17)?
-79
Let r(w) = -16*w**2 - 74*w - 75. Calculate r(-2).
9
Let u(r) = r**2 + 239*r + 8066. Determine u(-41).
-52
Let j(r) = r**3 + 103*r**2 + 16*r + 1741. Determine j(-103).
93
Let j(f) = -157*f + 2827. Give j(18).
1
Let d(h) = 2*h**3 - 19*h**2 + 19*h - 18. What is d(9)?
72
Let m(o) = -13*o**2 + 31*o + 40. Calculate m(5).
-130
Let c(i) = -241*i + 1932. Calculate c(8).
4
Let y(w) = -160*w + 5284. Determine y(33).
4
Let j(d) = -3*d - 31. What is j(26)?
-109
Let o(k) = k**3 + 19*k**2 + 5*k. Determine o(-19).
-95
Let a(w) = w**2 - 25*w - 6. Determine a(20).
-106
Let u(o) = -33*o - 407. What is u(-9)?
-110
Let z(v) = -v**2 + 8*v + 34. Determine z(17).
-119
Let q(o) = 4*o**3 + 62*o**2 - 125*o + 3. Determine q(2).
33
Let l(i) = 14571*i + 43709. Give l(-3).
-4
Let q(w) = w**3 - 7*w**2 - 6*w - 107. Determine q(9).
1
Let g(i) = -60*i + 304. Determine g(7).
-116
Let x(z) = -z**2 - 62*z - 378. What is x(-56)?
-42
Let p(f) = -f**2 + 48*f - 511. Determine p(35).
-56
Let c(s) = 2*s - 17. What is c(-72)?
-161
Let v(b) = 317*b**2 + 2849*b - 9. Give v(-9).
27
Let j(v) = -50*v - 4969. Determine j(-101).
81
Let o(d) = d**3 - 35*d**2 + 25*d + 318. Calculate o(34).
12
Let p(q) = -5*q**2 - 15*q - 19. Determin